219?
5
What is the thousands digit of 8586966?
6
What is the millions digit of 31002183?
1
What is the hundreds digit of 1677999?
9
What is the units digit of 269324?
4
What is the hundreds digit of 21917410?
4
What is the ten thousands digit of 56732?
5
What is the units digit of 2135775?
5
What is the ten thousands digit of 22207161?
0
What is the hundreds digit of 7503923?
9
What is the ten thousands digit of 433283?
3
What is the ten thousands digit of 525789?
2
What is the ten thousands digit of 234171?
3
What is the units digit of 19338157?
7
What is the ten millions digit of 31303269?
3
What is the ten thousands digit of 20497280?
9
What is the thousands digit of 2164594?
4
What is the hundred thousands digit of 540517?
5
What is the units digit of 22309?
9
What is the millions digit of 1255224?
1
What is the tens digit of 1352379?
7
What is the hundred thousands digit of 2722842?
7
What is the thousands digit of 1315064?
5
What is the thousands digit of 521537?
1
What is the tens digit of 4410917?
1
What is the ten thousands digit of 2647655?
4
What is the thousands digit of 53930?
3
What is the ten thousands digit of 7612978?
1
What is the thousands digit of 646969?
6
What is the units digit of 74502?
2
What is the hundreds digit of 7687867?
8
What is the ten thousands digit of 11517263?
1
What is the millions digit of 2169146?
2
What is the ten millions digit of 13655822?
1
What is the tens digit of 148849?
4
What is the units digit of 1610409?
9
What is the thousands digit of 37100?
7
What is the hundreds digit of 8094504?
5
What is the thousands digit of 74805?
4
What is the thousands digit of 5334575?
4
What is the millions digit of 6203412?
6
What is the thousands digit of 160299?
0
What is the ten thousands digit of 12328559?
2
What is the millions digit of 1023021?
1
What is the millions digit of 6553069?
6
What is the tens digit of 105180?
8
What is the tens digit of 23545761?
6
What is the ten thousands digit of 8396254?
9
What is the hundreds digit of 1212422?
4
What is the units digit of 628754?
4
What is the hundred thousands digit of 5301773?
3
What is the hundred thousands digit of 800513?
8
What is the ten millions digit of 25353550?
2
What is the tens digit of 889857?
5
What is the hundred thousands digit of 353535?
3
What is the units digit of 1390148?
8
What is the hundreds digit of 18921383?
3
What is the units digit of 311853?
3
What is the hundreds digit of 982063?
0
What is the hundred thousands digit of 370366?
3
What is the ten thousands digit of 51559?
5
What is the ten thousands digit of 891254?
9
What is the thousands digit of 519097?
9
What is the hundreds digit of 28400293?
2
What is the ten thousands digit of 13679267?
7
What is the thousands digit of 2926562?
6
What is the units digit of 11896736?
6
What is the hundreds digit of 41467?
4
What is the units digit of 1073442?
2
What is the hundred thousands digit of 1540117?
5
What is the thousands digit of 259254?
9
What is the hundreds digit of 34222043?
0
What is the thousands digit of 304134?
4
What is the ten thousands digit of 3426041?
2
What is the thousands digit of 4420449?
0
What is the tens digit of 36600?
0
What is the millions digit of 6729128?
6
What is the hundred thousands digit of 600457?
6
What is the units digit of 303169?
9
What is the hundreds digit of 65899?
8
What is the thousands digit of 79732?
9
What is the tens digit of 1262769?
6
What is the hundreds digit of 14835?
8
What is the thousands digit of 68893?
8
What is the thousands digit of 1117327?
7
What is the ten millions digit of 12254001?
1
What is the millions digit of 26837837?
6
What is the millions digit of 20089298?
0
What is the ten thousands digit of 884830?
8
What is the units digit of 1717594?
4
What is the hundred thousands digit of 346747?
3
What is the ten thousands digit of 9029085?
2
What is the thousands digit of 449266?
9
What is the ten thousands digit of 7301085?
0
What is the ten thousands digit of 268285?
6
What is the units digit of 404465?
5
What is the ten thousands digit of 994831?
9
What is the tens digit of 179713?
1
What is the hundred thousands digit of 118286?
1
What is the millions digit of 15793019?
5
What is the hundreds digit of 603491?
4
What is the hundreds digit of 2648848?
8
What is the units digit of 834297?
7
What is the thousands digit of 228039?
8
What is the hundred thousands digit of 506521?
5
What is the thousands digit of 810380?
0
What is the ten thousands digit of 4903188?
0
What is the hundred thousands digit of 2051889?
0
What is the ten millions digit of 13868762?
1
What is the hundred thousands digit of 19031251?
0
What is the thousands digit of 1368761?
8
What is the tens digit of 369785?
8
What is the ten thousands digit of 19845841?
4
What is the units digit of 857250?
0
What is the tens digit of 495902?
0
What is the units digit of 389333?
3
What is the millions digit of 3755386?
3
What is the hundred thousands digit of 7297491?
2
What is the hundreds digit of 50858?
8
What is the ten thousands digit of 3891044?
9
What is the hundred thousands digit of 2248124?
2
What is the hundreds digit of 4322233?
2
What is the ten thousands digit of 83249?
8
What is the units digit of 749870?
0
What is the hundred thousands digit of 580873?
5
What is the tens digit of 225833?
3
What is the hundreds digit of 220086?
0
What is the hundred thousands digit of 2641313?
6
What is the ten thousands digit of 4772356?
7
What is the millions digit of 32037156?
2
What is the tens digit of 843691?
9
What is the units digit of 4977942?
2
What is the units digit of 7064319?
9
What is the thousands digit of 1376544?
6
What is the tens digit of 4127562?
6
What is the hundreds digit of 301745?
7
What is the units digit of 2811273?
3
What is the thousands digit of 8992036?
2
What is the tens digit of 285088?
8
What is the hundreds digit of 299037?
0
What is the hundreds digit of 23815404?
4
What is the tens digit of 172307?
0
What is the hundreds digit of 42906333?
3
What is the units digit of 33216678?
8
What is the thousands digit of 58287?
8
What is the tens digit of 10416670?
7
What is the thousands digit of 13569202?
9
What is the millions digit of 2900759?
2
What is the hundred thousands digit of 21559938?
5
What is the units digit of 8121739?
9
What is the thousands digit of 1599911?
9
What is the hundred thousands digit of 165025?
1
What is the hundreds digit of 98317?
3
What is the ten thousands digit of 6318423?
1
What is the ten thousands digit of 506445?
0
What is the hundreds digit of 597366?
3
What is the hundred thousands digit of 10164216?
1
What is the hundreds digit of 1259608?
6
What is the hundreds digit of 98453?
4
What is the hundreds digit of 852404?
4
What is the millions digit of 6642707?
6
What is the hundred thousands digit of 10523843?
5
What is the ten millions digit of 18361594?
1
What is the ten millions digit of 12699844?
1
What is the units digit of 1938958?
8
What is the tens digit of 597070?
7
What is the tens digit of 481653?
5
What is the tens digit of 594727?
2
What is the units digit of 308920?
0
What is the units digit of 1206380?
0
What is the units digit of 353559?
9
What is the units digit of 5473873?
3
What is the thousands digit of 404227?
4
What is the hundreds digit of 239517?
5
What is the thousands digit of 644053?
4
What is the ten thousands digit of 12276555?
7
What is the thousands digit of 26016?
6
What is the units digit of 243676?
6
What is the tens digit of 1294099?
9
What is the units digit of 1537393?
3
What is the ten thousands digit of 12519032?
1
What is the ten thousands digit of 3086433?
8
What is the thousands digit of 7836?
7
What is the hundred thousands digit of 161321?
1
What is the tens digit of 7555498?
9
What is the units digit of 15957972?
2
What is the hundreds digit of 27689209?
2
What is the hundreds digit of 1057512?
5
What is the thousands digit of 30072732?
2
What is the millions digit of 2897711?
2
What is the hundreds digit of 576687?
6
What is the hundreds digit of 3274562?
5
What is the tens digit of 15349370?
7
What is the tens digit of 1498664?
6
What is the thousands digit of 46276?
6
What is the ten thousands digit of 67025?
6
What is the hundred thousands digit 